+ (2 - 4) - (19 + 25 + 28).
-56
Evaluate -36 + (-65 + -15 - -89 - ((-1 - -1) + -1)).
-26
Evaluate (-3 + -5 - -9) + (36 - 4).
33
What is (-125 + 116 - -39) + 79?
109
What is 32 + (-4 + 26 + -37 - -26)?
43
37 - (-130 + 163 + 119)
-115
What is (-25 - (-23 - 53)) + -69?
-18
What is the value of (-115 - (71 - 117)) + 35?
-34
Calculate (73 + -5 - (-14 - -31) - -8) + 6.
65
What is the value of 1 + -5 + 44 - 3 - -2?
39
Calculate (-38 - (5 - 29)) + -19.
-33
What is the value of -71 - (82 + -215 + 76)?
-14
What is 9 - (0 - -27 - 74) - 10?
46
What is the value of -27 + -12 + -12 + 3 + 13?
-35
Calculate -6 + (2 - -7) - (-18 + (-19 - -47)).
-7
Evaluate (70 - 36 - 36) + 17 + 30.
45
What is the value of 2 + 41 + (-12 - 1) + -17 + 26?
39
What is (7 - -3 - 5 - (-79 - -40)) + 23?
67
Evaluate -1383 + 1427 - (-13 + 2).
55
What is the value of -351 + 351 + (1 - (39 + (3 - 1 - -1)))?
-41
(1 + 10 - (11 - -18)) + 25
7
Calculate -65 + (42 - (-74 - 5)).
56
Calculate (14 + -4 - (-1 - 13 - -11)) + 43.
56
Evaluate 22 - (-7 - (98 + 0 - (-3 + 19))).
111
What is (36 - 13) + 9 + -19 + 1?
14
Evaluate 23 - (-179 - -16) - 90.
96
What is 5 + 25 + (1 - -8)?
39
What is 10 + -1 + 0 + 129 + 64 + -192?
10
What is the value of -5 - (20 - 18 - 52)?
45
What is -11 + 2 + (-1 - 51) + 1 + (532 - 522)?
-50
Evaluate 220 + 94 + -184 - 40.
90
-1 + 4 + 3 + -4 + 0 + (-23 - -21)
0
-1 - 81 - (-174 - -122)
-30
What is the value of (-84 - (-5 - (13 - 19 - (0 - -4)))) + -2?
-91
What is the value of 13 + (-2 - -31) + (-872 - -752)?
-78
12 + (-26 - (20 - 25)) + 7 + 18
16
-30 + 10 + -14 - (43 + -55 + (8 - 1))
-29
Calculate (11 - 1 - 96 - 2) + (32 - 28).
-84
What is (-2 - -2 - 11) + 1475 + -1464?
0
Evaluate -4 - (57 - (-2 + ((-9 - 1) + 22 - 6))).
-57
What is the value of -2 - -2 - (38 - (5 + -15)) - 1?
-49
91 + -43 + (19 - 27)
40
-2 + 2 + -1 + (958 - 927)
30
What is the value of (-39 - -89 - 26) + 0 + -20 + (-2 - 0)?
2
Evaluate 63 - ((-27 - -33 - 12) + (3 - -3)).
63
25 + (1 + 29 + -122 - 0)
-67
Calculate 8 + 1 + -16 + 3 + -2 - -6.
0
What is (1 - 3) + (-17 - (-33 + 26))?
-12
Evaluate 31 + 76 + (-1 + 1 + -9 - -10 - -10).
118
What is the value of 8 - -28 - 41 - (-2 + 0 + -11)?
8
Evaluate 113 - ((-10 - -18) + -11) - (-2 - 15 - -4).
129
What is -32 + 18 + (44 - 3) + 12 + -13?
26
-1580 + 1693 - (66 - 2)
49
What is (-15 - -21 - (-2 + 2)) + (8 - (-2 - -4))?
12
Evaluate (16 - 4 - (49 - -5 - -4)) + 10 - 11.
-47
(-7 - 92) + 78 - (-1 - 43)
23
Evaluate -3 + -6 + 19 + -66 + 25.
-31
Evaluate (-27 - (-3 - 14 - 20)) + -5 + -1.
4
Calculate -1 + (-4 + 18 - -36) + -23 + 7.
33
Evaluate 16 + (-12 - -3 - (103 + -83)).
-13
(42 + -76 - -43) + -50
-41
What is -237 + 266 - (8 + 1) - -3?
23
5 + -16 + 19 + -1 - -58
65
Calculate -1 + 12 - (-358 + 400) - -12.
-19
Evaluate (34 + -1 - 8) + -2 - (4 - -14).
5
Evaluate 16 - (-9 - (-12 + 33 + -17)).
29
What is the value of (-12 - -18) + -7 + (-1 - -19)?
17
Evaluate -1 - (-7 - (13 + -6 - 10)) - (-30 + -61).
94
What is 75 + -152 - -53 - (4 + 1)?
-29
What is the value of (2 - 13 - (14 - (40 - (8 - 3)))) + -35?
-25
What is the value of -27 + 21 - (-25 - (-2 - (-4 - (-6 + 7))))?
22
(-2 - 16) + (4 + (-10 - -5) - (-111 - -102))
-10
What is the value of 16 - -44 - (4 - (7 + -5) - (-6 + 3))?
55
What is (-28 - -62) + 12 + -81?
-35
What is -56 + (62 - 84 - (-1 + -2)) - (2 - 11)?
-66
Calculate -46 - (-1 - 4 - (5 + -2 + 23 + -38)).
-53
What is -23 + (22 - -40 - 8)?
31
Calculate -296 - -113 - -114 - -176.
107
What is -4 + -83 + -36 + -8 + 4?
-127
Evaluate -6 + -21 - -1 - -19 - (-4 + 49).
-52
65 + -16 + 20 + -123
-54
Calculate -31 - (5 + -1 + (-6 + 5 - (4 + -3))).
-33
What is 26 + -17 - -3 - (-1 - -1 - 1 - 1)?
14
Evaluate 10 - 1 - (56 + 27 + -11 + -6 + -3).
-54
9 - (21 - -4 - (-82 - -137))
39
3 - (1 + -2) - (746 + -395 + -313)
-34
What is the value of (-42 - -1) + 13 + 37?
9
Calculate (7 + -3 - (-61 + 67)) + -4 + -31.
-37
Calculate -9 + 4 + 7 + (-19 - (24 + -18 + -2)).
-21
What is the value of -148 + (52 - -62) + 48?
14
What is (2 - (2 - 82)) + 91 + 98 + -179?
92
What is the value of -3 + 28 + -374 + 413?
64
Evaluate 86 + -51 + (6 - (-26 - -24 - (7 - 1))).
49
Calculate (-11 - (-11 + 6 - -7)) + -83 + -32 + 47.
-81
What is the value of 191 - (147 + -109) - (32 + 1)?
120
Calculate 56 - (63 - -10) - (-66 + -2).
51
Calculate 71 - ((0 - 14) + (-54 + 73 - -4)).
62
Evaluate (-2 + 10 - 3) + -17 + 7 + (-119 - -130).
6
28 - (17 - (-21 - -37)) - -9
36
What is the value of 27 - (4 + (11 + -3 - (-1 - -9)))?
23
(-102 + 22 - -46 - -61) + 91
118
What is 0 - (19 + -7) - (-40 - (-14 + 22))?
36
What is 3 - 11 - (-18 + (24 - (11 + 6))) - 63?
-60
(-97 - -63) + 2 - 3
-35
Calculate (154 - (-394 + 459)) + (11 - 1 - 0).
99
What is (2 - 3) + 4 + 1 + 47 + (6 - 14)?
43
(-20 + 5 - -7 - -19) + -32
-21
What is (42 - (8 - (-16 - 3))) + -72?
-57
Evaluate -56 - (-132 - (1 + -38)).
39
What is 41 + 25 + -11 + -50?
5
What is the value of 3 + (-51 - -71) - -15?
38
Evaluate 0 + (-27 - -22 - (11 - (7 - 42))).
-51
Evaluate -22 - (-15 - (-2 + 11 + -12)) - (4 + -80).
66
Calculate 11 + (24 - -28 - 23) - 21.
19
What is 5 + 1 - ((-27 - -9) + 48 + -21)?
-3
What is (-2 - 23) + -52 + 61 + 119?
103
What is 2 + -3 + 1 + 4 + 1752 + -1734?
22
(-12 - (8 + -4 + -1 - 5)) + (116 - 96)
10
What is 2 - ((22 + -6 + -12 - (0 + -14)) + -8)?
-8
-95 - -83 - (18 - -9 - -5)
-44
Calculate 1282 + -1244 + (-2 - (1 + 79)).
-44
What is -11 + 0 + 2 - (-27 + (4 - -14) - -10)?
-10
28 + (28 + -49 - -22)
29
What is the value of 96 - 10 - (1 - -6 - 19 - -3)?
95
What is the value of -13 + -19 + (35 - 13 - -5)?
-5
-47 + (-3 - -2) - (-309 - -308)
-47
Evaluate (-9 - 1 - (-123 - -237)) + -1.
-125
What is the value of -51 - (-6 - -3 - 17 - (-11 - -4))?
-38
-38 + ((-10 - 3) + (-7 - -20 - 6) - -12)
-32
-50 + (8 - (-3 - (-1 + (-7 - 3))))
-50
(98 - 72) + (-138 - (4 + -18 - -3))
-101
17 + (-18 - -35) + -43
-9
What is the value of 7 - ((1 - -27) + -18 - -10)?
-13
What is -41 + (41 - 24 - 29)?
-53
56 + 39 + (0 - 62)
33
1 + -19 - (2 - -34 - (187 - 144))
-11
82 + -140 + 0 + (3 - 0)
-55
Evaluate 36 + 48 + -109 + -18.
-43
(2 + 7 - -1) + 2 + (5 - 3) + 25
39
Calculate -32 + 1 - ((-55 - -105) + -27).
-54
Calculate -12 + -45 - -117 - 79.
-19
What is the value of (-466 - -439) + -1 + 58 - (1 + (2 - 6))?
33
Calculate (-57 + 49 - 2) + -4.
-14
102 + -72 + (-13 - (77 - 13))
-47
Evaluate -4 + -1 + (-1122 + 1104 + (22 - 1) - 114).
-116
What is the value of -10 - 40 - 2 - -12 - (1 + 4)?
-45
Evaluate (2 + 6 - 2 - (2213 + -2210)) + -3 + 71.
71
Evaluate -6 - (-22 - (-28 - (16 + -25))) - (-55 - -1).
51
Calculate -4 + -41 + -7 + 0 + -2 + -385 + 386.
-53
What is the value of 4 + -3 - (26 + -25 + -23)?
23
Calculate -7 + -1 + 15 + (1 - 3) + -33.
-28
What is 30 + 86 - 53 - 44?
19
Evaluate -7 - ((18 - -47 - 24) + -8).
-40
-22 - 4 - (17 + (-6 + 10 + -8 - 4))
-35
Calculate (4 + -1 - -47) + -17 + -1 + 28.
60
18 + (10 + -2 - -1 - 85)
-58
Evaluate -128 + 1 + 11161 + -10931.
103
What is (61 - (2 + 11 - (9 + (-6 - 0)))) + 7?
58
Calculate 11 - ((-6 - -16) + 47 + -19) - -18.
-9
Evaluate 60 + 1 + -1 + (8 - 12) + -2.
54
Calculate (19958 - 20052) + (-11 - -4 - (-1 + -2 + 1)).
-99
What is the value of -20 - (53 - (14 - -20))?
-39
Calculate -11 + 10 - 5 - (45 - 147) - -7.
103
Calculate 5 + 1 + (17 - -26) + (20 - 34).
35
100 + (34 - (-57 - -131))
60
What is 1 + -11 - (-5 + 8 + 4)?
-17
Calculate 51 - (4 + (38 - 51) + (3 - 11)).
68
Evaluate (-4 + 0 - (9 - 10)) + (-3 - (-86 - -26)).
54
What is the value of 466 - 458 - (0 + -4) - (-13 + -1)?
26
Calculate 8 + 4 + -4 + (-12 - -20) - 24 - -153.
145
What is (-456 - -463) + (1 - 0) - (1 + -27)?
34
What is the value of -19 + 9 - -10 - ((20 - 9) + -1 - 70)?
60
What is 34 + (-41 - -134 - 114)?
13
What is the value of 78 + (43 + -47 - 21 - -22)?
75
Calculate 34 - (18 - -1) - (31 + -98).
82
Calculate 5 + -2 + 3 - (69 - 32 - -23).
-54
What is 22 + 59 + -24 + 9 + (-11 - -5) + -15?
45
Calculate (-6 - -19) + (-31 - -18) + (-60 - 1).
-61
What is the value of 7298 + -7286 + (-2 - (2 + 1 + -2))?
9
What is 128 - (141 - 28) - -95?
110
Evaluate 16 + -74 - ((-2 - -4 - -1 - -1) + 9).
-71
Calculate 11 + 12 + (414 - 366) + (-2 - 22).
47
What is -81 - (151 - (84 - -27))?
-121
Calculate -56 - ((19 - 60) + 17) - 5.
-37
What is the value of -86 + 6 + (7 - 17) + -22 + (-12 - -4)?
-120
What is the value of 13 + (4 